Last updated on 2021-03-08 09:47:34 CET.
Flavor | Version | Tinstall | Tcheck | Ttotal | Status | Flags |
---|---|---|---|---|---|---|
r-devel-linux-x86_64-debian-clang | 1.1.1 | 120.11 | 61.28 | 181.39 | OK | |
r-devel-linux-x86_64-debian-gcc | 1.1.1 | 73.86 | 46.06 | 119.92 | OK | |
r-devel-linux-x86_64-fedora-clang | 1.1.1 | 253.67 | NOTE | |||
r-devel-linux-x86_64-fedora-gcc | 1.1.1 | 218.86 | OK | |||
r-devel-windows-ix86+x86_64 | 1.1.1 | 258.00 | 129.00 | 387.00 | OK | |
r-devel-windows-x86_64-gcc10-UCRT | 1.1.1 | OK | ||||
r-patched-linux-x86_64 | 1.1.1 | 81.51 | 58.34 | 139.85 | OK | |
r-patched-solaris-x86 | 1.1.1 | 207.30 | OK | |||
r-release-linux-x86_64 | 1.1.1 | 89.33 | 57.98 | 147.31 | OK | |
r-release-macos-x86_64 | 1.1.1 | OK | ||||
r-release-windows-ix86+x86_64 | 1.1.1 | 197.00 | 102.00 | 299.00 | OK | |
r-oldrel-macos-x86_64 | 1.1.1 | OK | ||||
r-oldrel-windows-ix86+x86_64 | 1.1.1 | 168.00 | 100.00 | 268.00 | OK |
Version: 1.1.1
Check: installed package size
Result: NOTE
installed size is 5.9Mb
sub-directories of 1Mb or more:
libs 4.5Mb
Flavor: r-devel-linux-x86_64-fedora-clang